
6
Let x(f) = -541*f - f**3 + 1072*f - 6*f**2 - 536*f. Suppose 150*z - 147*z = -12. Give x(z).
-12
Let w(f) = -f**3 - 7*f**2 - 3*f - 9. Suppose 4*x + 5*i + 9 = 0, -5*x - 23*i = -27*i + 42. Give w(x).
-27
Suppose 17*w = 12*w - 25. Let s be (138/(-180) - (-2)/12)*w. Let v(p) = -2 + 0 - p - p + s*p. Determine v(4).
2
Let s(a) = 5*a**2 - 8. Let t be s(8). Suppose t = 20*o + 4*o. Let j(p) = -p**3 + 14*p**2 - 12*p - 12. What is j(o)?
1
Let c(h) be the first derivative of h**3/3 + 3*h**2/2 - 29*h - 787. What is c(5)?
11
Let a(s) = -s + 13. Let x be 39 - 2/(4/(-4)). Suppose -44*v + x*v = -9. Suppose 0 = -3*j + v*y + 30, -6*y = -5*y. Determine a(j).
3
Let h(d) = 136 - 3*d**2 - 258 + 120 - d + 6*d**2. Suppose -l + 3*l - 4 = 0. Calculate h(l).
8
Let v(y) = 14 - y**3 - 1224326*y**2 - 13*y + y + 3*y**3 + 1224338*y**2. What is v(-7)?
0
Let p(a) = 8*a. Let r(y) = -y**3 - 10*y**2 - 18*y - 5. Let k be r(-8). Let d be (-88)/(-484) + (-24)/k. Determine p(d).
-16
Let j(s) be the third derivative of -s**4/6 - s**3/2 + 713*s**2. Let z(r) = -r**3 + 3*r**2 + 3*r + 4. Let x be z(4). Suppose -h - 2 + 5 = x. Calculate j(h).
-15
Let t(i) be the third derivative of -i**4/3 + 143*i**3/6 + 3*i**2 + 2*i - 10. Give t(19).
-9
Let p(a) be the first derivative of 11*a - 1/4*a**4 - 8/3*a**3 + a**2 - 39. Determine p(-8).
-5
Suppose -3*m = -2*h + 230, 0 = -2*h + 5*m - 104 + 342. Let r = -115 + h. Let v(y) = -y**3 - 5*y**2 + 3*y - 8. Give v(r).
10
Let d(l) = 4*l + 3*l**3 + 12*l**3 - 1097 + 1093 - 14*l**3 + 5*l**2. Let o(a) = a**2 + 15*a + 10. Let m be o(-14). Give d(m).
-4
Suppose -3*z - 184 = -4*m - 152, -3*m = -4*z - 17. Let s(o) = -o**3 + 10*o**2 + 6*o + 24. What is s(m)?
-31
Let l be (-9 - -5) + (28/4 - -6). Let g(k) = 2*k**3 - 18*k**2 - 4. What is g(l)?
-4
Let o = -14434 - -14433. Let w(r) = -51*r - 56. Calculate w(o).
-5
Let n(v) = 93*v + 122. Let w be n(-1). Let b(t) = 6*t - 83. Give b(w).
91
Let m(l) = -l**3 + 2*l**2 + 450*l - 1762. Let f be m(4). Let z(k) be the third derivative of 7*k**4/24 - k**3 - k**2. Give z(f).
36
Let o(i) = i. Let d = 495 - 10. Suppose 5*v + d = 145. Let t = v - -70. What is o(t)?
2
Let n(q) be the third derivative of q**6/120 - q**5/15 - 7*q**4/24 + 3*q**3/2 - 3*q**2 + 53*q. What is n(5)?
-1
Let m(s) = -s**3 + 11*s**2 - 12*s + 11. Let j = -418 + 422. Suppose d - 2*w = 5 + 5, 4*w + 40 = j*d. Give m(d).
-9
Let x(p) be the second derivative of -p**5/20 - p**3 - 2*p**2 + 8470*p. Calculate x(0).
-4
Let g(r) be the third derivative of -r**7/2520 + 7*r**6/720 + r**5/30 - r**4/12 - 34*r**3/3 + 204*r**2. Let f(b) be the second derivative of g(b). What is f(8)?
-4
Let g(f) = -f**3 + 13*f**2 + f - 11. Suppose -14760 = -36*w + 12*w. Suppose 0 = 611*k - w*k + 52. What is g(k)?
2
Let q(n) = 15*n**3 + 2*n**2 - 5*n - 7. Let i be (-10)/4*4*(-586)/(-5860). Determine q(i).
-15
Let y(w) = -13*w + 10. Let s be ((-34)/56 + 32/(-224))/(10/40). Determine y(s).
49
Let x(y) = 7*y**3 + 33*y**2 - 47*y - 41. Let n(j) = 11*j**3 + 49*j**2 - 71*j - 62. Let d(l) = 5*n(l) - 8*x(l). Let z be 1 + -30 + (-2241)/(-249). Give d(z).
-2
Let u(i) = 9*i**3 - 7*i**2 - 18*i - 26. Let o(c) = -11*c**3 + 9*c**2 + 23*c + 25. Let l(a) = 4*o(a) + 5*u(a). Calculate l(0).
-30
Let m = -98 + 126. Let u = 29 - m. Let r(t) = u + 47*t**2 - 4 + 9*t - 48*t**2. Calculate r(6).
15
Let r(d) = d**2 + 31*d - 42 - 5*d - 17*d - 7*d + 2*d. Calculate r(-8).
-10
Let n = -593 + 598. Suppose 6 + 4 = 2*k. Let m(x) = 2*x + k*x + x**3 + 1 - 2 + 3 - 6*x**2. Calculate m(n).
12
Let t(x) = x**2 - 6*x + 5. Let i be 12/78 - 256/(-26). Suppose -3*k + i = -k. Suppose -k*y - 2*v = -35, 2*v + 5 = 5*y - 2*v. What is t(y)?
0
Let b(y) = 22*y**3 - 2*y**2 - y. Let d(a) = -7*a - 76. Let m be d(-19). Let p = m + -58. Calculate b(p).
-23
Let f(v) = -11*v - 41. Let g be f(-4). Let t be -4 + 18 + -10 + g/1. Let z(o) = 3*o - 8. Give z(t).
13
Let d(u) = u + 14. Suppose 23 = 2*q + 3*t, 3*t = -6*q + q + 35. Suppose -q*f - 73 = -21. Give d(f).
1
Let s(w) = -w**3 - 24*w**2 - 23*w + 2. Let u be s(-23). Let l(b) = -16*b**2 + 5*b**u + 3 - 3*b + 4*b**2 + 3*b**2. What is l(2)?
-19
Let a(i) be the first derivative of i**2/2 - 34*i + 1131. Give a(17).
-17
Let u(h) = -5 - 494*h - 2*h**2 - 507*h + 5*h**2 + 1007*h. Give u(4).
67
Let s(u) = 2*u**2 - 15 + 5*u + 2*u + 3*u. Let b be s(-6). Let f(a) = -3*a**2 + 1. Determine f(b).
-26
Let o(k) = 3*k**3 + 2*k**2 + 14*k - 17. Let w(h) = -4*h**3 - h**2 - 12*h + 14. Let t(z) = 3*o(z) + 4*w(z). Determine t(1).
-6
Suppose 301 = -5044*y + 5067*y + 71. Let v(o) = 2*o + 26. Give v(y).
46
Let u be 6*(-5)/(-10) + (-45)/(-5). Let b(d) be the first derivative of d**3/3 - 6*d**2 - 4*d - 1. Calculate b(u).
-4
Let m(r) = 31*r - 188. Let z(t) = -t**3 - 27*t**2 + 63*t + 986. Let g be z(-28). Calculate m(g).
-2
Let a(o) = -o**2 - 7*o - 3. Suppose 4*b - 5*b + 17 = -4*n, -11 = -4*b - 3*n. Suppose -p = -b*r + 13, 0 + 2 = r. Calculate a(p).
9
Suppose l - 3*l = 3*k - 1, 0 = 4*k - 5*l - 32. Let j(x) = 32*x**3 + 11*x**2 + 5 - 57*x**k + 0*x + 26*x**3 + 2*x. Give j(-11).
-17
Suppose 5*a - 2178 + 2247 = -3*h, -30 = 5*a. Let x(u) be the third derivative of -u**4/12 - 4*u**3 - u**2. What is x(h)?
2
Let k(j) be the third derivative of j**5/60 - j**4/8 - j**3 - j**2 - 10*j. Determine k(-4).
22
Let a(q) = 10*q**2 + 15*q + 59. Let h(k) = -5*k**2 - k - 15. Let c(z) = a(z) + 4*h(z). Give c(1).
0
Suppose 28*l = 26*l. Let x be ((-20)/(-2))/(l + 2). Suppose -5*p = 4*j - x - 2, 0 = 2*j - 5*p + 19. Let d(z) = -z + 1. Give d(j).
3
Let h be 1/((-3)/15) + (-3 + -18)/3. Let k(d) = -d**2 - 15*d - 19. Calculate k(h).
17
Let h be ((-18)/3)/(2 - 16/9). Let l be 6 - 392/63 - (-129)/h. Let g(q) = 4*q + 6. Give g(l).
-14
Let p(v) = -7*v**3 - 3*v**2 + 2. Let c be p(-1). Let s = -40 - -29. Let g(k) = -15*k - 23. Let q(y) = -8*y - 12. Let m(x) = c*g(x) + s*q(x). Give m(-5).
4
Let w(m) be the third derivative of 1/24*m**4 + 0*m**3 + 7*m**2 + 0 + 0*m. Let f be w(3). Let c(r) = -4*r + 4. Calculate c(f).
-8
Let z(c) = 4*c**3 + c**2 - 3*c - 7. Let w(k) = 54*k**3 - 170*k + 171*k - 55*k**3. Let y(x) = -5*w(x) - z(x). Give y(0).
7
Let k(p) = 62 - 2*p**2 - 8*p**2 + 85 + 9*p**2 - 10*p + 21. What is k(-19)?
-3
Let p(l) be the second derivative of l**3/3 + l. Suppose 3*v = 4*j + 1, 4*j + 97*v - 94*v + 31 = 0. Determine p(j).
-8
Let m(n) = 7. Let x(g) = -2*g - 6. Let f(d) = 3*m(d) + 4*x(d). Suppose b - t - 3*t = -13, -5*b + t = -11. Calculate f(b).
-27
Suppose -4*d - 9 = -21. Let g(i) = -46*i**2 - 25*i - 4. Let p(z) = 6 - 11 - 14*z - 21*z**2 - 3*z - 12*z**2 + 2. Let y(j) = 5*g(j) - 7*p(j). Calculate y(d).
-8
Suppose 64*w - 65*w = 4. Let n be (w/6)/(28/(-84)). Let l(a) = -a**3 + 3*a**2 - 2*a - 2. What is l(n)?
-2
Let i(h) = -2*h**2 + 5*h + 7. Suppose 0 = -2*f - 5*f + 63. Suppose 60 = f*u + 15. What is i(u)?
-18
Let l(z) = z**3 - 7*z**2 + 8*z - 7. Suppose 11*c = 355 + 426. Suppose -4*i + 195 = -7*i. Let m = i + c. Determine l(m).
5
Let c(z) be the first derivative of 2*z**3/3 + z**2 + 2*z + 123. Let h(o) be the first derivative of c(o). Calculate h(3).
14
Let l(s) be the first derivative of -s**4/4 - 5*s**3/3 + 9*s + 12. Let y be ((5 - 10)/(-1) + -2)/(9/(-15)). Give l(y).
9
Let f(k) = 2*k**2 - k + 55. Suppose -l - 8*y - 4 = -10*y, -5*l = -3*y + 6. Calculate f(l).
55
Let s be (1 + 272)*12/(-252)*7. Let q = -96 - s. Let j(n) = -7*n - 4. Determine j(q).
31
Let y be (6 - (-54)/(-8))*(-16)/(-2). Let j(v) be the first derivative of v**2/2 + 11*v - 38. Determine j(y).
5
Let m(y) = -y**2 - 13*y - 19. Let h be m(-2). Suppose 4*k - 18 = h*f - f, -5*f + 2*k - 21 = 0. Let v(q) = q**2 + 5*q + 2. Determine v(f).
-4
Let u(g) be the third derivative of g**7/2520 - 7*g**6/720 - 7*g**5/120 - 43*g**4/24 + g**2 + 4*g. Let s(y) be the second derivative of u(y). What is s(9)?
11
Let f(c) = 3*c - 77. Let w(r) = -4*r + 161. Let o(b) = 5*f(b) + 3*w(b). Determine o(-17).
47
Let n(y) = -12*y**2 + 47*y**3 + y**2 + 4 - 17 - 46*y**3 - 10*y. Suppose -z + 14 = 2*w, -34 - 18 = -4*z - 4*w. Determine n(z).
11
Let g = 60 - 23. Let u(b) = -36 - 4*b + 5*b + g. Let d be 2*1 - (1 - 3). Give u(d).
5
Let x(b) = -33*b + 197. Suppose -52*h - 3*p = -48*h - 39, -3*h + 2*p + 8 = 0. Calculate x(h).
-1
Let z = 0 - -2. Let a(w) = 3*w**2 + 0*w**2 - 4*w**z - 5 - 6*w. Let o = 69889 + -69895. What is a(o)?
-5
Let x(a) = 4*a**3 - a*